47. Determine d(-6).
9
Let w(l) = 545*l + 514482. Calculate w(-944).
2
Let h(b) = -5*b**2 + 328*b - 1792. Give h(61).
-389
Let b(s) = s**3 + 84*s**2 + 1031*s - 118. Calculate b(-69).
158
Let n(h) = 3*h**3 + 38*h**2 + 136*h + 88. What is n(-6)?
-8
Let f(q) = -3025*q - 517274. What is f(-171)?
1
Let r(u) = -u**3 + 1635*u**2 - 475127*u - 7186. Give r(378).
-4
Let m(g) = -6*g**2 - 12*g + 716. Calculate m(10).
-4
Let g(j) = -383*j + 5771. Determine g(15).
26
Let g(y) = 29765*y + 416699. What is g(-14)?
-11
Let p(f) = 5*f**3 - 23*f**2 + 179*f - 690. What is p(10)?
3800
Let h(q) = -3*q**3 + 136*q**2 + 20815*q + 430. Give h(109).
-6
Let p(u) = -1841*u + 5257. Determine p(2).
1575
Let f(j) = j**3 - 45*j**2 - 695*j + 628. Give f(57).
1
Let m(h) = 837*h - 237716. Determine m(284).
-8
Let u(s) = 1900*s - 169203. Give u(89).
-103
Let a(m) = -10*m**3 - 609*m**2 + 37*m - 1463. Give a(-61).
1
Let m(i) = 6*i**3 - 155*i**2 + 3*i - 38. Calculate m(26).
716
Let j(o) = 17*o**2 + 127030*o + 127031. What is j(-1)?
18
Let t(s) = -s**3 - 82*s**2 - 86*s - 66. What is t(-81)?
339
Let i(m) = -88207*m + 88220. Give i(1).
13
Let k(t) = -t**2 - 101*t + 5868. What is k(42)?
-138
Let t(x) = -3*x**3 + 1225*x**2 - 426*x + 7383. What is t(408)?
39
Let s(f) = -13*f**3 - 51*f**2 - 209*f - 1380. Give s(-5).
15
Let x(u) = u**3 - 203*u**2 + 48*u - 40. Determine x(0).
-40
Let f(s) = -101743*s - 5799349. Give f(-57).
2
Let f(u) = u**2 + 24*u - 52292. Calculate f(-241).
5
Let b(s) = -286912*s - 3155993. Determine b(-11).
39
Let t(c) = -12976*c - 246540. Calculate t(-19).
4
Let g(m) = -64*m**2 - 394*m - 790. Determine g(-2).
-258
Let p(r) = -2*r**3 + 100*r**2 - 433*r - 4196. Determine p(44).
-16
Let n(f) = -2*f**2 - 93666*f + 1030627. What is n(11)?
59
Let z(f) = -17914*f - 71662. What is z(-4)?
-6
Let r(h) = 9*h**2 - 81*h - 290. Calculate r(12).
34
Let p(r) = -9*r**2 + 138*r - 1424. What is p(9)?
-911
Let d(b) = -b**2 + 20604*b - 185386. Calculate d(9).
-31
Let g(l) = 48*l**2 + 995*l - 3742. Calculate g(-24).
26
Let s(i) = 10*i**3 + 790*i**2 - 380*i - 30051. Give s(-79).
-31
Let d(w) = -39*w**3 + 2458*w**2 + 2052*w - 133249. Calculate d(63).
-4
Let c(a) = a**2 - 12*a - 2544. Calculate c(0).
-2544
Let w(h) = -2*h**3 + 39*h**2 + 1476*h - 72. What is w(-19)?
-319
Let z(y) = -90*y + 8848. Calculate z(104).
-512
Let d(r) = -21*r**2 - 381*r - 101. Determine d(-18).
-47
Let h(q) = -5335*q - 85421. What is h(-16)?
-61
Let k(p) = -35744*p**2 - 285941*p + 54. Calculate k(-8).
-34
Let u(l) = 8*l**3 + 16*l**2 - 2880*l - 8. Calculate u(-20).
-8
Let k(n) = -12*n**2 + 611*n - 3650. Calculate k(44).
2
Let o(i) = -2*i**3 + 1076*i + 8596. Determine o(-8).
1012
Let z(f) = 5*f**3 + 617*f**2 + 219*f - 277. Give z(-123).
3044
Let f(b) = -117*b**2 - 2783*b + 386. Give f(-25).
-3164
Let y(b) = -4103*b + 28472. Calculate y(7).
-249
Let w(a) = -1020*a - 438963. Give w(-430).
-363
Let q(h) = -536*h - 32750. Calculate q(-58).
-1662
Let p(y) = y**2 + 278*y + 18798. Determine p(-124).
-298
Let p(f) = 260*f**2 + 3716*f - 19031. Calculate p(4).
-7
Let s(v) = -v**2 - 36*v + 34110. What is s(168)?
-162
Let y(g) = 16149*g + 15552. Determine y(-1).
-597
Let y(n) = -1996*n + 17716. What is y(8)?
1748
Let j(w) = -3*w**3 - 18*w**2 - 11120*w - 66719. Calculate j(-6).
1
Let g(a) = a**2 - 263*a - 9859. Calculate g(-35).
571
Let m(f) = -551*f + 1249. What is m(4)?
-955
Let o(q) = -2*q**3 - 70*q**2 - 479*q + 1992. Give o(-22).
-54
Let y(d) = 16062*d**2 - 273079*d + 425. Calculate y(17).
0
Let f(l) = 3*l**3 + 25*l**2 + 131*l + 359. Determine f(-5).
-46
Let b(s) = 12*s - 1726. Give b(11).
-1594
Let n(s) = s**3 - 374*s**2 + 359*s + 5363. Determine n(373).
141
Let r(z) = 8450*z + 67606. What is r(-8)?
6
Let f(h) = 3*h**3 - 585*h**2 - 13*h + 2595. Determine f(195).
60
Let c(h) = -2*h**3 + 36*h**2 - 62*h + 1454. Determine c(18).
338
Let a(z) = -4*z**2 + 13*z + 224. Give a(8).
72
Let g(q) = 18*q**2 - 1910*q - 25061. What is g(-13)?
2811
Let v(n) = -37*n**2 - 3512*n - 10256. Determine v(-3).
-53
Let d(r) = -r**3 - 469*r**2 - 3712*r - 10349. Determine d(-461).
715
Let o(j) = 40472*j + 40489. Determine o(-1).
17
Let b(k) = -91*k**2 - 13920*k + 458. What is b(-153)?
-1
Let f(q) = -2*q**3 - 4*q**2 + 346*q - 3784. What is f(12)?
-3664
Let d(t) = 406*t + 17870. Give d(-48).
-1618
Let i(x) = -4863146*x - 22. Give i(0).
-22
Let n(v) = 5*v**2 - 240*v - 3215. Give n(59).
30
Let i(f) = 4*f**2 + 22622*f - 226621. What is i(10)?
-1
Let m(y) = 2547*y + 66225. Give m(-26).
3
Let y(x) = 629*x - 3614. What is y(5)?
-469
Let d(i) = 46*i**2 + 11644*i + 13140. What is d(-252)?
36
Let u(m) = -m**3 - 50*m**2 - 641*m + 317. Calculate u(-21).
989
Let h(u) = -3*u**2 + 162*u - 811. What is h(52)?
-499
Let w(s) = 10*s**2 - 482*s - 44. Calculate w(0).
-44
Let n(r) = -19*r**3 + 5*r**2 + 263*r - 6. Determine n(0).
-6
Let q(w) = 11557*w - 57682. Determine q(5).
103
Let a(l) = -5624*l + 151804. Determine a(27).
-44
Let u(s) = 2*s**3 - 10*s**2 + 6*s + 309. Give u(-4).
-3
Let h(d) = -2993*d + 939784. What is h(314)?
-18
Let m(n) = 132*n**2 - 135*n. What is m(5)?
2625
Let a(m) = 67*m**2 + 15*m - 57. Determine a(4).
1075
Let c(s) = 7*s**3 + 356*s**2 - 53*s - 87. Give c(-51).
15
Let f(u) = -707*u - 7663. What is f(-11)?
114
Let x(a) = -240*a**2 - 4792*a + 139. What is x(-20)?
-21
Let l(z) = 89*z**2 - 163228*z - 163229. Calculate l(-1).
88
Let r(y) = -43*y**2 - 3329*y - 341. Determine r(-77).
1045
Let z(l) = -5*l**3 - 3*l**2 + 573*l - 5213. Determine z(9).
-3944
Let d(a) = -2*a**2 + 352*a - 2324. Determine d(8).
364
Let n(q) = 4*q**3 - 2*q**2 - 33590*q - 67187. Determine n(-2).
-47
Let o(w) = 42*w**2 + 215*w + 24. Give o(-5).
-1
Let r(k) = -1883*k + 252327. Determine r(134).
5
Let w(c) = 11*c**3 - 470*c**2 - 143*c + 472. Give w(43).
-130
Let v(m) = 106390*m + 319111. Give v(-3).
-59
Let q(y) = -2*y**3 + 110*y**2 + 345*y - 178. Give q(58).
-352
Let j(o) = -49*o**2 + 14285*o + 14283. What is j(-1)?
-51
Let m(j) = 4238*j + 110206. What is m(-26)?
18
Let i(c) = -13300*c - 5054007. Calculate i(-380).
-7
Let s(n) = 2*n**3 - 364*n**2 + 2812*n - 443451. Determine s(181).
-1
Let u(y) = -29*y**2 + 407*y - 129. Calculate u(13).
261
Let h(s) = -10171*s - 467861. Determine h(-46).
5
Let w(i) = i**3 + 42*i**2 + 44*i + 82. What is w(-36)?
6274
Let x(b) = -3*b**3 + 155*b**2 + 50*b + 114. Give x(52).
10
Let u(y) = 512*y - 27226. Give u(53).
-90
Let i(q) = 2334*q + 3014. Give i(-2).
-1654
Let q(f) = f**3 - 14*f**2 - 33469*f + 535030. Calculate q(16).
38
Let d(h) = h**3 - 79*h**2 - 838*h + 4003. Give d(88).
-45
Let y(t) = t**3 + 357*t**2 + 1109*t + 17281. Calculate y(-354).
643
Let o(a) = 914*a - 60003. Determine o(66).
321
Let x(a) = a**3 - 238*a**2 - 253*a + 277. Calculate x(239).
-3069
Let k(g) = -15497*g + 666341. Calculate k(43).
-30
Let o(p) = -3376*p + 6733. Calculate o(2).
-19
Let o(w) = -13516*w + 13464. Calculate o(1).
-52
Let i(s) = -2*s**2 - 333*s + 3353. What is i(-175)?
378
Let m(x) = -x**2 - 59*x + 1300. Calculate m(0).
1300
Let h(j) = 3220*j + 396093. What is h(-123)?
33
Let m(j) = -96*j + 4620. What is m(18)?
2892
Let x(t) = -t**3 + 1285*t**2 - 412387*t + 625. Determine x(622).
3
Let l(c) = -23*c**3 + 2001*c**2 + 16*c - 208. Determine l(87).
1184
Let l(r) = -359*r**2 - 2980*r - 2981. Give l(-1).
-360
Let m(y) = -138*y**3 + 3584*y**2 + 71*y - 55. Calculate m(26).
-913
Let o(t) = 2*t**3 - 60*t**2 - 146*t + 595. Give o(32).
19
Let b(f) = -5*f**3 + 827*f**2 - 5673*f + 902. Calculate b(7).
-1
Let c(g) = 9*g**2 + 1694*g + 13537. Give c(-8).
561
Let r(c) = -247*c + 8412. Calculate r(36).
-480
Let v(b) = 14*b - 1973. Calculate v(29).
-1567
Let l(u) = 5*u**3 - 174*u**2 - 22*u + 182. Determine l(35).
637
Let w(d) = -35*d**2 - 27*d + 9. Calculate w(6).
-1413
Let p(t) = 3*t**2 + 783*t + 5830. Calculate p(-7).
496
Let g(f) = 3*f**2 + 296*f - 25556. Calculate g(-154).
8
Let u(a) = -1813*a**2 - 48951*a - 89. Calculate u(-27).
-89
Let g(l) = 2056*l + 298118. Give g(-145).
-2
Let g(j) = 3*j**2 + 265*j - 696. What is g(-91)?
32
Let a(c) = -c**3 + 648*c**2 - 32613*c - 1153. What is a(593)?
33
Let g(p) = -582*p**3 - 98*p + 98. Calculate g(1).
-582
Let n(v) = -565*v + 27778. Calculate n(48).
658
Let c(t) = -8633*t - 77810. Determine c(-9).
-113
Let q(y) = -y**2 - 26360*y - 1210498. Determine 